 0 + -5001?
-5001
In base 14, what is 4 - -d5?
d9
In base 11, what is 3 - -38?
40
In base 12, what is -62 - 3?
-65
In base 4, what is -1103 - -2220?
1111
In base 10, what is -14 + -4?
-18
In base 3, what is -110101122 - -10?
-110101112
In base 11, what is 367 - -5?
371
In base 6, what is 5343 + -2?
5341
In base 2, what is 100 - 110010?
-101110
In base 4, what is -20 + 231120?
231100
In base 14, what is 0 + 2aa6?
2aa6
In base 8, what is 521 - -5?
526
In base 6, what is -5 + -53?
-102
In base 11, what is 882 - 5?
878
In base 16, what is 5e + 5?
63
In base 5, what is 0 + -3131?
-3131
In base 12, what is -7a - 2?
-80
In base 7, what is -62440 - -1?
-62436
In base 15, what is -1 + -10d?
-10e
In base 7, what is 2 + 206?
211
In base 14, what is -53 - 12?
-65
In base 6, what is 1 + -350?
-345
In base 9, what is -83 - -26?
-56
In base 3, what is -200212 - 0?
-200212
In base 3, what is 2 - 12000?
-11221
In base 14, what is -5 + 270b?
2706
In base 11, what is 3a + -7?
33
In base 14, what is 5 + c?
13
In base 8, what is 27267 - 1?
27266
In base 16, what is -9c + 1?
-9b
In base 12, what is 5 - 52?
-49
In base 7, what is -230 + 4?
-223
In base 8, what is 16276 + -5?
16271
In base 6, what is -442 - 1?
-443
In base 16, what is 8d - -4f?
dc
In base 12, what is 2 + -61?
-5b
In base 14, what is -1 - -3a6?
3a5
In base 10, what is -3 + 54?
51
In base 4, what is 11122 + -10?
11112
In base 3, what is -2100022 - 10?
-2100102
In base 8, what is 5 - -667?
674
In base 2, what is 101001110 - 0?
101001110
In base 6, what is 3 + 221?
224
In base 12, what is -3 + 2481?
247a
In base 16, what is 1439 + -5?
1434
In base 16, what is 33 + 2c?
5f
In base 3, what is -12002100 + 1?
-12002022
In base 10, what is 2 - 152?
-150
In base 2, what is -10000010 - 11?
-10000101
In base 12, what is -9 + 1b0?
1a3
In base 10, what is 2 + 998?
1000
In base 9, what is 1 + -445?
-444
In base 9, what is -148 - 31?
-180
In base 8, what is 2672 + -5?
2665
In base 14, what is -2 + 1327?
1325
In base 8, what is -1 + -3264?
-3265
In base 11, what is 3a0a + 2?
3a11
In base 6, what is 10153 - -1?
10154
In base 15, what is 113 - -2?
115
In base 2, what is -10 + 1010?
1000
In base 7, what is 21023 + 0?
21023
In base 5, what is 3 - 1201?
-1143
In base 15, what is -1 - 11?
-12
In base 15, what is -176 + 5?
-171
In base 12, what is 581 + 4?
585
In base 9, what is 52 + 7?
60
In base 2, what is 1 - 1010010?
-1010001
In base 16, what is 995 - 2?
993
In base 3, what is 1100212 + -22?
1100120
In base 9, what is 187 + 0?
187
In base 15, what is 5 + c58?
c5d
In base 6, what is 1 - -1013?
1014
In base 13, what is 1 - -27?
28
In base 10, what is -2 + 31?
29
In base 10, what is -11 + -7?
-18
In base 3, what is 110 + -122112?
-122002
In base 3, what is 11 - 2111121?
-2111110
In base 9, what is -36084 - -1?
-36083
In base 4, what is 122023 - 0?
122023
In base 9, what is -5 + 33?
27
In base 14, what is 0 + 55?
55
In base 6, what is -315 - 4?
-323
In base 6, what is -20 - 20?
-40
In base 15, what is 173 - -3?
176
In base 16, what is -19b - 4?
-19f
In base 7, what is -652 + -4?
-656
In base 9, what is -7 + 65?
57
In base 9, what is -1 + -722?
-723
In base 16, what is -2 + -59?
-5b
In base 11, what is 101 - 1?
100
In base 11, what is -2249 + -8?
-2256
In base 12, what is 2 + -2b?
-29
In base 7, what is 5 + 256?
264
In base 8, what is 2 - -1442?
1444
In base 15, what is -2a - 51?
-7b
In base 7, what is -156 + -5?
-164
In base 11, what is 1 - 13?
-12
In base 16, what is 89d - -3?
8a0
In base 11, what is -3 + 1994?
1991
In base 12, what is 0 - -13a?
13a
In base 14, what is -37 + 9?
-2c
In base 5, what is 2 - 231?
-224
In base 11, what is -36a + -2?
-371
In base 3, what is -1 + -2110102?
-2110110
In base 14, what is -49 - 7?
-52
In base 9, what is -5 + 1320?
1314
In base 10, what is -191 - 28?
-219
In base 12, what is -297 + 0?
-297
In base 12, what is 77 + -10?
67
In base 7, what is 14 + -504?
-460
In base 16, what is 7bc4 + 2?
7bc6
In base 11, what is -11 - 436?
-447
In base 9, what is 478 + -4?
474
In base 4, what is 100 - 3?
31
In base 3, what is 1001 - -10220?
11221
In base 14, what is 5 - 105?
-100
In base 9, what is 1 - -843?
844
In base 3, what is 210 + -2112?
-1202
In base 10, what is -4 + 9917?
9913
In base 11, what is -21 - -43?
22
In base 9, what is 1816 + 4?
1821
In base 14, what is -b + 15?
8
In base 10, what is 46 - -26?
72
In base 5, what is 3 - 134002?
-133444
In base 14, what is -3d5 + -3?
-3d8
In base 13, what is 64 - -3?
67
In base 8, what is 5 - 2003?
-1776
In base 12, what is -3 - 4b?
-52
In base 12, what is 1643 + 5?
1648
In base 15, what is -3 - 28?
-2b
In base 14, what is b + 7?
14
In base 11, what is -15a - 3?
-162
In base 15, what is -8 + -139?
-142
In base 15, what is -7 + 6?
-1
In base 6, what is -1214 + -21?
-1235
In base 10, what is 13101 + 2?
13103
In base 15, what is -1 + -2cd?
-2ce
In base 8, what is -1 + 77?
76
In base 14, what is -6 - 21?
-27
In base 8, what is 0 + 56?
56
In base 16, what is -6e - -11e?
b0
In base 14, what is -1 - 22?
-23
In base 10, what is -3 - -9421?
9418
In base 7, what is -3 + -32?
-35
In base 14, what is 6 + 2b?
33
In base 9, what is 143 - 24?
118
In base 5, what is 110014 + -1?
110013
In base 11, what is -3 + -287?
-28a
In base 7, what is -2 - 662?
-664
In base 3, what is -11 - 2122?
-2210
In base 15, what is 29 + 18?
42
In base 9, what is -5 + -318?
-324
In base 5, what is -1210 + -4?
-1214
In base 15, what is -5 + 72?
6c
In base 9, what is -4 - -3728?
3724
In base 3, what is -1221101 - 10?
-1221111
In base 16, what is 59 + 5?
5e
In base 5, what is 141302 + 1?
141303
In base 10, what is -1 - 141?
-142
In base 3, what is 10210 - -202?
11112
In base 5, what is 11 + -2304?
-2243
In base 9, what is 0 + -700?
-700
In base 3, what is -10200 + -2?
-10202
In base 4, what is 1211 - 103?
1102
In base 4, what is 10 - 2332?
-2322
In base 12, what is -426b + 2?
-4269
In base 4, what is -13222 + -3?
-13231
In base 10, what is 7 + 147?
154
In base 9, what is -2 - 1?
-3
In base 4, what is 12 + 2113?
2131
In base 3, what is 1001202 + -100?
1001102
In base 10, what is 0 - 605?
-605
In base 10, what is 11511 - 0?
11511
In base 14, what is -a89 - -4?
-a85
In base 9, what is -10 - -2468?
2458
In base 14, what is 1 + 2a?
2b
In base 16, what is b - -11c?
127
In base 16, what is 5 + 1089?
108e
In base 2, what is 0 + -1100?
-1100
In base 8, what is 0 - 144?
-144
In base 2, what is -10 + 1111110?
1111100
In base 11, what is -1314 - a?
-1323
In base 2, what is 0 + 1101?
1101
In base 7, what is -1 - -361?
360
In base 9, what is -726 + -5?
-732
In base 4, what is -310012 - -1?
-310011
In base 8, what is -107 + -11?
-120
In base 7, what is -335 + -14?
-352
In base 14, what is 2 - c6?
-c4
In base 5, what is 2 - -324?
331
In base 9, what is -100 - -22?
-67
In base 11, what is 807 - -4?
810
In base 4, what is -3 + -132?
-201
In base 6, what is 0 + 5542?
5542
In base 7, what is -4 - 423?
-430
In base 16, what is -2 + a?
8
In base 2, what is -1101001 + -10?
-1101011
In base 13, what is -6ac + -1?
-6b0
In base 3, what is -11020022 - -11?
-11020011
In base 10, what is 1000 - 3?
997
In base 12, what is -5 + -965?
-96a
In base 14, what is 227 + 3?
22a
In base 7, what is 113 + -4?
106
In base 3, what is 1110 - 0?
1110
In base 13, what is -46 + -25?
-6b
In base 12, what is a + 6?
14
In base 4, what is -203 + 121?
-22
In base 9, what is 137 - -5?
143
In base 12, what is 19 + 4?
21
In base 4, what is -12110 + -2?
-12112
In base 13, what is 1 - 5a?
-59
In base 7, what is -14154 + 1?
-14153
In base 16, what is 25 - 85?
-60
In base 14, what is -2d4 - 3?
-2d7
In base 10, what is -662 + 3?
-659
In base 11, what is -93 + 36?
-58
In base 2, what is 11 - 1010111011?
-1010111000
In base 15, what is 12 + -51?
-3e
In base 10, what is -235 - 150?
-385
In base 11, what is -17 - 16?
-32
In base 4, what is 2 + 101101?
101103
In base 5, what is -1011 - 4?
-1020
In base 16, what is -f1 - -4?
-ed
In base 8, what is -107 - 3?
-112
In base 2, what is 110001 - 1111011?
-1001010
In base 14, what is 427 + -5?
422
In base 6, what is -21 - 1105?
-1130
In base 10, what is 6 - 3162?
-3156
In base 16, what is -bf + -5?
-c4
In base 13, what is 4 + -3459?
-3455
In base 3, what is 2122 + 20?
2212
In base 13, what is 13 - -c?
22
In base 